actor of 796082?
False
Is 59 a factor of 665461?
True
Is 6801171 a multiple of 13?
True
Does 31 divide 57463?
False
Is 338451 a multiple of 1117?
True
Is 113200 a multiple of 50?
True
Is 114 a factor of 140790?
True
Is 4 a factor of 6391433?
False
Is 687824 a multiple of 31?
False
Is 24371 a multiple of 201?
False
Is 180 a factor of 16814?
False
Is 78 a factor of 8451?
False
Is 9617658 a multiple of 214?
False
Is 64 a factor of 144576?
True
Is 1926757 a multiple of 956?
False
Is 23368 a multiple of 23?
True
Is 971520 a multiple of 23?
True
Is 302820 a multiple of 206?
True
Is 3313619 a multiple of 329?
False
Is 12259 a multiple of 41?
True
Is 1118430 a multiple of 208?
False
Is 109 a factor of 1269632?
True
Does 187 divide 150348?
True
Is 86265 a multiple of 243?
True
Is 33 a factor of 139062?
True
Is 87210 a multiple of 30?
True
Is 71386 a multiple of 5?
False
Is 98 a factor of 123480?
True
Is 804 a factor of 20292120?
False
Is 10 a factor of 59450?
True
Is 2967557 a multiple of 34?
False
Is 2509212 a multiple of 991?
True
Does 44 divide 7897311?
False
Is 574554 a multiple of 186?
True
Is 98 a factor of 619587?
False
Is 169864 a multiple of 21?
False
Does 176 divide 391248?
True
Is 4334568 a multiple of 12?
True
Does 25 divide 1423387?
False
Does 262 divide 6778?
False
Is 172965 a multiple of 65?
True
Is 67 a factor of 8474269?
False
Does 6 divide 5700474?
True
Is 5 a factor of 719393?
False
Does 229 divide 150801?
False
Is 259600 a multiple of 23?
False
Is 132468 a multiple of 28?
True
Does 29 divide 5531866?
True
Does 36 divide 18180?
True
Is 4941435 a multiple of 155?
False
Is 621608 a multiple of 86?
True
Is 738 a factor of 2512890?
True
Does 16 divide 5525008?
True
Is 153142 a multiple of 11?
True
Is 14 a factor of 333424?
True
Does 49 divide 16319514?
False
Is 64140 a multiple of 15?
True
Does 7 divide 141217?
False
Is 3130735 a multiple of 480?
False
Is 11 a factor of 149284?
False
Is 62 a factor of 9243146?
True
Is 7 a factor of 405251?
True
Does 40 divide 380840?
True
Is 5 a factor of 2468308?
False
Is 30 a factor of 101684?
False
Is 24 a factor of 272434?
False
Is 19 a factor of 492575?
True
Does 19 divide 5062569?
True
Is 1919944 a multiple of 52?
True
Is 6 a factor of 2364204?
True
Is 330 a factor of 87780?
True
Is 28 a factor of 83468?
True
Does 56 divide 178248?
True
Is 138168 a multiple of 114?
True
Does 355 divide 8329365?
True
Does 121 divide 422019?
False
Is 3575101 a multiple of 705?
False
Is 20904 a multiple of 13?
True
Is 377206 a multiple of 51?
False
Is 199 a factor of 313027?
True
Is 3878661 a multiple of 10?
False
Is 549 a factor of 110027?
False
Does 123 divide 274916?
False
Is 203027 a multiple of 11?
True
Is 126 a factor of 5300749?
False
Is 4 a factor of 94860?
True
Is 12 a factor of 1790988?
True
Is 7156761 a multiple of 40?
False
Does 94 divide 186768?
False
Is 14 a factor of 778960?
True
Does 27 divide 545940?
True
Does 81 divide 2553118?
False
Is 425 a factor of 2623253?
False
Does 15 divide 34936?
False
Is 96697 a multiple of 5?
False
Does 84 divide 68877?
False
Is 17 a factor of 9235597?
False
Is 390110 a multiple of 10?
True
Does 14 divide 8619408?
True
Does 15 divide 123330?
True
Does 17 divide 26871730?
True
Does 168 divide 12411910?
False
Is 1635912 a multiple of 2?
True
Is 157028 a multiple of 137?
False
Does 16 divide 1365344?
True
Is 388244 a multiple of 180?
False
Is 17923990 a multiple of 23?
False
Does 21 divide 910077?
True
Does 43 divide 274770?
True
Is 24 a factor of 511772?
False
Is 571347 a multiple of 11?
False
Is 8 a factor of 166125?
False
Is 16827552 a multiple of 28?
True
Is 1033 a factor of 4132481?
False
Is 1463398 a multiple of 46?
True
Is 43 a factor of 192540?
False
Is 8 a factor of 19528?
True
Is 114512 a multiple of 8?
True
Is 297 a factor of 3801600?
True
Is 33086 a multiple of 233?
True
Is 12 a factor of 4330464?
True
Is 8 a factor of 6442488?
True
Is 426242 a multiple of 88?
False
Is 55 a factor of 374805?
False
Is 14627256 a multiple of 28?
True
Is 25 a factor of 5093646?
False
Does 914 divide 309846?
True
Is 5 a factor of 147735?
True
Does 103 divide 109489?
True
Is 28 a factor of 1305640?
True
Is 52 a factor of 116220?
True
Does 18 divide 573226?
False
Is 3496990 a multiple of 73?
False
Is 29358 a multiple of 104?
False
Is 46 a factor of 699066?
False
Is 185 a factor of 628075?
True
Is 663312 a multiple of 8?
True
Is 871486 a multiple of 77?
True
Does 949 divide 28291628?
False
Is 84218 a multiple of 131?
False
Is 45 a factor of 3847757?
False
Is 11 a factor of 1816447?
False
Does 80 divide 179964?
False
Does 579 divide 7488786?
True
Does 23 divide 315031?
True
Is 68 a factor of 117096?
True
Is 1185238 a multiple of 15?
False
Is 4752865 a multiple of 49?
False
Is 131628 a multiple of 84?
True
Is 572 a factor of 6308159?
False
Is 83259 a multiple of 3?
True
Is 23 a factor of 68028?
False
Is 819 a factor of 6306126?
False
Does 94 divide 3274772?
True
Is 5 a factor of 16270?
True
Does 1749 divide 18599030?
False
Is 501747 a multiple of 45?
False
Is 10 a factor of 119370?
True
Is 520923 a multiple of 111?
True
Does 11 divide 4521913?
True
Is 3752461 a multiple of 50?
False
Does 10 divide 12240?
True
Does 102 divide 171431?
False
Is 195860 a multiple of 35?
True
Is 1451043 a multiple of 431?
False
Does 11 divide 3263854?
True
Is 10 a factor of 55980?
True
Does 14 divide 1100106?
True
Is 148039 a multiple of 80?
False
Is 15 a factor of 9536568?
False
Does 10 divide 2091598?
False
Is 981821 a multiple of 101?
True
Does 5 divide 2940896?
False
Is 535014 a multiple of 314?
False
Is 11 a factor of 11929505?
False
Is 371472 a multiple of 213?
True
Is 220922 a multiple of 377?
True
Is 3958196 a multiple of 1069?
False
Is 29 a factor of 461216?
True
Does 7 divide 7447945?
False
Does 72 divide 16927416?
True
Is 2803990 a multiple of 10?
True
Does 88 divide 570504?
True
Does 5 divide 158883?
False
Does 186 divide 1006260?
True
Is 6467421 a multiple of 433?
False
Is 294128 a multiple of 21?
False
Does 212 divide 29843664?
True
Does 19 divide 130027?
False
Is 8 a factor of 17913?
False
Is 13 a factor of 127829?
True
Is 334 a factor of 32064?
True
Does 510 divide 2558160?
True
Is 2803356 a multiple of 606?
True
Is 39330 a multiple of 37?
False
Is 12 a factor of 181512?
True
Is 1011707 a multiple of 418?
False
Is 74 a factor of 400121?
False
Does 27 divide 1946646?
True
Does 118 divide 22841614?
True
Does 121 divide 1756073?
True
Does 5 divide 1110314?
False
Is 5 a factor of 4294115?
True
Does 5 divide 8905?
True
Does 490 divide 495390?
True
Is 218 a factor of 1190716?
True
Is 7746580 a multiple of 149?
False
Does 474 divide 2032665?
False
Does 2 divide 2339?
False
Is 29633 a multiple of 31?
False
Is 1004776 a multiple of 15?
False
Is 136228 a multiple of 456?
False
Does 30 divide 3661?
False
Is 4 a factor of 584229?
False
Is 642840 a multiple of 330?
True
Is 15 a factor of 6173205?
True
Is 4 a factor of 42898?
False
Does 580 divide 445230?
False
Is 805110 a multiple of 6?
True
Is 587 a factor of 511964?
False
Is 122 a factor of 483730?
True
Is 42 a factor of 595807?
False
Does 153 divide 11547?
False
Does 8 divide 444848?
True
Does 21 divide 1981728?
True
Is 477697 a multiple of 285?
False
Does 16 divide 88125?
False
Does 10 divide 134470?
True
Is 4145059 a multiple of 779?
True
Does 407 divide 5130235?
True
Does 108 divide 234594?
False
Does 6 divide 66511?
False
Does 25 divide 3395660?
False
Is 84 a factor of 9623889?
False
Is 47 a factor of 607898?
True
Does 47 divide 23030?
True
Is 104 a factor of 191880?
True
Is 617 a factor of 1019284?
True
Is 67108 a multiple of 38?
True
Is 354424 a multiple of 20?
False
Does 63 divide 331543?
False
Does 134 divide 7098039?
False
Is 2143632 a multiple of 71?
True
Does 49 divide 10195822?
True
Is 42 a factor of 910310?
False
Is 5183568 a multiple of 48?
True
Is 148655 a multiple of 13?
True
Is 1634 a factor of 2812114?
True
Does 194 divide 263258?
True
Does 505 divide 400664?
False
Is 6606008 a multiple of 91?
False
Is 527872 a multiple of 128?
True
Is 4003320 a multiple of 219?
True
Is 326790 a multiple of 11?
False
Is 6070012 a multiple of 12?
False
Is 20 a factor of 255742?
False
Is 56 a factor of 176792?
True
Is 55737 a multiple of 126?
False
Do